iple of 42?
False
Suppose -2*h - 15 = 51. Is (84/6)/(-1)*h/3 a multiple of 22?
True
Suppose 5*p + 375 = u, 2*p + 5*u = -0*u - 123. Let o = -73 - 31. Let c = p - o. Does 6 divide c?
True
Is ((-2)/(-4)*-215)/(45/(-90)) a multiple of 5?
True
Let v(n) = n**2 + 11*n. Suppose 12*w = 7*w - 65. Is v(w) a multiple of 26?
True
Let h(m) = m**3 + 6*m**2 - 20*m - 4. Suppose 44 = -3*i - 121. Let l be 22/i - (-76)/(-10). Does 14 divide h(l)?
True
Let t be 4/(-6) + (-320)/(-30). Is 14 a factor of (-272)/(-10) - (-8)/t?
True
Let f = 18 - 19. Is 7 a factor of (6 - f)*(7 - 6)?
True
Suppose 0 = 3*y - j + 6*j - 24, -2*j = y - 9. Let n(u) = -y*u + 0 - 1 + 7*u**2 - 2 + 5. Is 13 a factor of n(2)?
False
Suppose -804 = -3*i + 4071. Is i a multiple of 13?
True
Let i = 30 - 28. Suppose -i*q = -q - 57. Is 19 a factor of q?
True
Let k(w) = w**3 + 8*w**2 + 9*w + 12. Let d be k(-7). Does 4 divide -11*-6*(1 + 1/d)?
False
Let k = -562 + 1407. Is 51 a factor of k?
False
Let l(y) = -23*y + 231. Is l(0) a multiple of 21?
True
Suppose -n = 4 - 36. Suppose 0 = v - n + 21. Is v a multiple of 2?
False
Is 32 a factor of (-6)/(-11) - ((-30390)/66 - -13)?
True
Let r(h) be the second derivative of h**6/360 + h**5/30 + h**4/4 - 3*h. Let b(a) be the third derivative of r(a). Is 4 a factor of b(0)?
True
Let u(q) = q**3 + 5*q**2 - q - 4. Let g be u(-5). Let p(b) = 63*b**3 - b**2 + b - 1. Is 10 a factor of p(g)?
False
Suppose -4*h - 1169 = -j, -1735 - 1814 = -3*j - 2*h. Does 31 divide j?
False
Let c(w) = 5*w + 16. Let r be c(4). Let b = r - 32. Is b a multiple of 3?
False
Let a(s) = s**3 - 3*s**2 - 2*s + 4. Let d(b) = 3*b**3 - 6*b**2 - 5*b + 9. Let j(o) = -5*a(o) + 2*d(o). Is j(2) a multiple of 6?
True
Suppose 5*t + 3*k - 10 - 2 = 0, -k + 2 = t. Suppose 0 = -r - 0*r + 1, 3*r = -t*c + 18. Let l = c + 9. Does 13 divide l?
False
Suppose 4*p - 4*s - 5104 = 0, 6*s - 2*s = -p + 1301. Does 68 divide p?
False
Suppose 4*c = 7*c + 3, 4*c + 80 = 2*p. Is 9 a factor of p?
False
Is 45 a factor of 6308/5 - -4*(-14)/(-140)?
False
Suppose -3*s - 3*s = -2028. Suppose -3*h + 5*w + s = 0, -w = -3*h - 78 + 412. Is 27 a factor of h?
False
Let f(v) = 9*v**3 - v**2 + 6*v - 7. Let h(l) = 26*l**3 - 4*l**2 + 19*l - 22. Let a(b) = 7*f(b) - 2*h(b). Does 19 divide a(2)?
True
Let y = 20 - 14. Let n(a) = -2*a + 14. Let c be n(y). Suppose c*z = -0*z + 40. Is 19 a factor of z?
False
Suppose -20904 = -35*h - 17*h. Is h a multiple of 15?
False
Suppose -4*h + 16 = 3*n + 6, -3*h = -3. Suppose 3*k - 4*f + 436 = 0, k + 2*f + n*f = -124. Is 4/6 + k/(-6) a multiple of 24?
True
Suppose -5*h = 2*q - 54, -4*q - 56 = -6*q - 4*h. Is q even?
True
Suppose 0 = 2*a + 19 - 7. Let r(c) be the second derivative of -c**5/20 - c**4/2 - c**3/3 + c**2/2 - 14*c + 6. Is r(a) even?
False
Is (-4755)/(-27) + (-1)/9*1 a multiple of 8?
True
Let s(j) = 3*j - 8. Let m be s(4). Suppose -8*t = -4*t - m. Let b(h) = 9*h - 2. Does 4 divide b(t)?
False
Suppose 5*l - 27 = 303. Let v = -40 + l. Does 14 divide v?
False
Suppose 7*s + 9*s - 480 = 0. Is s a multiple of 15?
True
Is 2/((-12)/38)*(-16767)/69 a multiple of 27?
True
Let h = 7 - -13. Suppose -5*w - h = 0, 2*w + 22 = -4*u + 174. Is 6/(-15)*u/(-2) even?
True
Let r be (-1)/(-5) - 1/5. Let a = r + 32. Is a a multiple of 12?
False
Let l(a) = 6*a**2 - 28*a + 78. Is l(-15) a multiple of 28?
True
Let r(c) = 24*c**3 + 4*c**2 + 3*c - 22. Does 16 divide r(2)?
True
Suppose -a = 5*o - 149 + 22, 6 = 2*o. Is a a multiple of 7?
True
Let t = 1165 - -604. Does 28 divide t?
False
Is 15 a factor of (-21)/(((-22)/10)/11)?
True
Let q(f) = -f**3 - 20*f**2 - 39*f + 2. Let s be q(-18). Suppose 3*l = h - s, -4 = l + l. Is h a multiple of 10?
True
Suppose -y = -4*y - 12. Let w be 122*(-2 + -2)/y. Is 14 a factor of w*(3 - (-15)/(-6))?
False
Let g be 548/(-8) + (-9)/(-6). Let x be 8/(-10)*(-7 - g). Is 10 a factor of -1*20*x/15?
False
Let x = -1515 + 2895. Is 20 a factor of x?
True
Let h(j) = 2*j**2 + 4*j - 8. Suppose 5*u = -k + 23, u = k - 0*k + 7. Suppose -5*y + 3*m - 34 = m, -u*y + 3*m = 36. Is h(y) a multiple of 20?
True
Let l(u) = 0 + 12*u**2 - u + 2*u - 2*u - 1. Let g(d) = 2*d + 3. Let o be g(-2). Is 12 a factor of l(o)?
True
Suppose 0*y + 2*y = h - 1, 3*h - 1 = 4*y. Let q = h - 2. Is 22 a factor of (-5)/3*-15 - q?
False
Suppose -5*r = -21 - 39. Let f be ((-28)/r)/7*0. Suppose p - 14 - 12 = f. Is 13 a factor of p?
True
Let n be 0 + 2 + 102 + 4/(-2). Let k = -50 + n. Does 13 divide k?
True
Let s(z) = z - 4. Let d be 4/((-4)/(-7))*1. Let j be s(d). Suppose -3*t + 3*o + 81 = 0, 2*t + 2*o - 77 = -j. Does 8 divide t?
True
Let i be 3*-4*5/(-10). Suppose i*p + 485 = 5*r + 2*p, 0 = -3*r - 5*p + 291. Does 20 divide r?
False
Let k(q) be the third derivative of -q**4 + q**3 - 2*q**2. Is 26 a factor of k(-2)?
False
Let i(u) = 23*u - 88. Is i(16) a multiple of 20?
True
Suppose -2*g + 5 = w, -4*w = 2*g + 2 - 4. Suppose -118 = g*u - 403. Suppose 2*j = -m + u, -3*m - 163 - 80 = -5*j. Is j a multiple of 12?
True
Let c = 18 - -68. Does 43 divide c?
True
Is (-126)/((2 - -3)/(-5)) a multiple of 9?
True
Let m be (-2)/(-8) - (-311)/4. Suppose -266 = -5*t - a, 0 = -a + 1. Let o = m - t. Is 25 a factor of o?
True
Let b(y) = y**3 - 2*y. Let f be (-4)/(-3 - -1) + -1 + 2. Does 7 divide b(f)?
True
Let g(x) = -x**2 + 5. Let h be g(0). Suppose s = -5*o + 497, 0 = h*o - 5*s - 836 + 321. Is 12 a factor of o?
False
Suppose 3*k - 1886 = -2*b, -k - 2*b + 75 = -555. Is 4 a factor of k?
True
Suppose -3*b - 1572 = -3*m, -32*b + 2094 = 4*m - 37*b. Does 44 divide m?
False
Let g(u) be the third derivative of u**5/60 + u**4/8 + 7*u**3/6 - 27*u**2. Suppose -3*m - 28 + 13 = 0. Is 6 a factor of g(m)?
False
Let j = 308 - 98. Does 15 divide j?
True
Suppose -390 = -0*u - 5*u. Suppose -r + 373 - u = 0. Is 20 a factor of r?
False
Is 12 a factor of ((-3)/(36/(-176)))/((-1)/(-18))?
True
Is (11 + -3)*1*(-340)/(-8) a multiple of 17?
True
Suppose -6*w = -3*w - 9. Let j(a) = a + 1. Let m be j(w). Suppose 0*z + 4*z + m*s - 144 = 0, 5*z = -4*s + 183. Does 13 divide z?
True
Let u = -28 - -56. Let g = u + -27. Does 4 divide 25 + 4 + (g - 7)?
False
Suppose 4*j + 77*u = 73*u + 4788, 5985 = 5*j - 5*u. Is 57 a factor of j?
True
Let l = -177 - -96. Suppose -354 = 2*p - 238. Let g = p - l. Does 8 divide g?
False
Let t(u) = -u**3 + 21*u**2 - 23*u - 87. Does 46 divide t(13)?
True
Let g(n) = n**3 + 3*n**2 - 16. Let y(j) = -j**3 + 10*j**2 + 26*j - 20. Let m be y(12). Is g(m) a multiple of 45?
False
Let i = 786 - -278. Does 49 divide i?
False
Does 18 divide (67 - 23)/((-2 + 1)/(-2))?
False
Suppose 107*n - 108*n = -792. Does 31 divide n?
False
Suppose 5*d = -4*o + 609, 0 = 2*d - 2*o - 2*o - 266. Suppose 0 = w + 4*w - d. Is 4 a factor of w?
False
Let t = -1361 - -1721. Does 10 divide t?
True
Let f = -49 - -58. Is f/(-12)*(-504)/9 a multiple of 4?
False
Let o(n) = 86*n**3 + n**2. Let k be o(-1). Let i be 3 - (6/3 + k). Let x = i + -46. Does 20 divide x?
True
Let t = -49 + 108. Suppose -571 = -7*g + t. Does 10 divide g?
True
Let p be 9 + 1 - 72/24. Suppose -4*x = -p*x + 63. Is x a multiple of 11?
False
Is 4/(12/3987) + -3 - -3 a multiple of 56?
False
Does 14 divide (20*7)/((-44)/(-88))?
True
Let d(a) = -a**3 - 11*a**2. Let x(m) = m**3 - m. Let k(n) = -d(n) - 2*x(n). Is k(10) a multiple of 6?
True
Let o(f) = f**3 + 9*f**2 - 26*f - 33. Is 42 a factor of o(-10)?
False
Suppose 0 = 4*u + 3*y + 16, -u = 3*u - y. Does 38 divide ((-678)/(-24) + 5)/(u/(-8))?
True
Suppose 4*f - 12*f + 4600 = 0. Does 29 divide f?
False
Suppose -20 = -6*a + 2*a. Suppose -a*i = -5*u - i + 35, -3*u - 2*i - 1 = 0. Is 2 a factor of u?
False
Let d = 47 - -59. Is 27 a factor of d?
False
Suppose -2*w = 2*j - 2352, -4*w - j - j = -4696. Is w a multiple of 28?
False
Let u be ((2 - 3) + 3)*1. Let b(m) = m**2 + 2*m**2 + m**3 + 3*m - 2*m**2 - 2*m**u. Is 8 a factor of b(3)?
False
Let k = -3039 + 4379. Is k a multiple of 16?
False
Suppose 0 = -5*w - 4*j + 2220, -3*j + j = 3*w - 1330. Is 22 a factor of w?
True
Suppose 0 = 3*s + 3, s = 5*w + 5*s - 6. Suppose 0 = w*i - 16 - 48. Does 6 divide 135/(-20)*i/(-6)?
True
Let c(x) = -x**2 + x + 1. Let z(d) = 5*d**2 + 14*d - 19. Let n(v) = -4*c(v) - z(v). Is 13 a factor of n(-9)?
False
Suppose 4*d = -3*x + 2929, -13*d + 741 = -12*d - x. Does 7 divide d?
False
Does 98 divide (42/24)/((-2)/(-2464))?
True
Le